-p**2 + 12*p - 9. Suppose -4*q - 2*i - 28 = 0, -4*i = 3*q + i + 7. Let h be (-3)/(-9) - (2 + 78/q). What is the units digit of j(h)?
6
Let h(l) = 28*l**3 - 4*l + 5. Let v be h(1). Suppose 3*f = -3*g + 543, v*f = 33*f - 3*g - 689. What is the tens digit of f?
7
Let x be (-850)/(-40) - 1/4. Let z(c) = c + 70. Let m be z(x). Let g = m - 43. What is the tens digit of g?
4
What is the hundreds digit of (1/3)/(1273354/(-60636) - -21)?
1
Let x be 55/(-19) + (-46)/437. Let g = x + 786. What is the units digit of g?
3
What is the tens digit of ((-5)/(-140)*-4)/(4/(-193172))?
9
Let j(s) = -255*s**3 + 2*s**2 + s. Let b be j(-1). Let r be (-2809)/(-3) + 7/(-21). Suppose -5*a + r = b. What is the hundreds digit of a?
1
Suppose 17*t = 28*t - 28633. What is the hundreds digit of t?
6
Suppose x + 9 - 8 = 0. Let w(c) = -266*c**3 - c**2. Let f be w(x). Suppose -17*z = -22*z + f. What is the units digit of z?
3
Suppose -3*k + 27 = 3*s, -3*s + 33 = 4*k - 7*k. What is the thousands digit of 15*((-367)/s)/((-16)/32)?
1
Suppose n = -o + 14861, 4*o = -5*n + 54565 + 19742. What is the thousands digit of n?
4
Let w = -15116 + 45764. What is the hundreds digit of w?
6
Suppose 19*c - 39381 = 30748. What is the tens digit of c?
9
Suppose -2*s + 4*c + 24666 = 0, 4*s = -2*c + 36933 + 12409. What is the ten thousands digit of s?
1
Suppose -5*z = -2*p - 115606, -20*p = 3*z - 26*p - 69402. What is the tens digit of z?
1
Let i(p) = 1359*p**2 + 755*p - 2998. What is the ten thousands digit of i(4)?
2
Let f = -6712 - -43866. What is the tens digit of f?
5
Let j(r) = -r**3 + 11*r**2 + 24*r - 86. What is the hundreds digit of j(6)?
2
Let l(r) = 118*r**2 - 152*r - 657. What is the tens digit of l(22)?
1
Let b = -353 + 367. Suppose -b*d = -17*d - 4*t + 2386, 0 = 2*d - t - 1587. What is the tens digit of d?
9
Suppose -4*h - 3*z = -27130, -4*h - 1296 = -z - 28450. What is the tens digit of h?
8
Let h = -318 - -329. Suppose -h*p - 9261 = -32*p. What is the hundreds digit of p?
4
Suppose -282*u = -281*u - 4767. What is the thousands digit of u?
4
Suppose 5*t + 2291 = 2*n, 0 = -181*n + 176*n - t + 5660. What is the units digit of n?
3
Let a(s) = 23*s**3 + 116*s**2 - 38*s - 151. Let y(w) = -8*w**3 - 39*w**2 + 13*w + 51. Let v(d) = 6*a(d) + 17*y(d). What is the hundreds digit of v(-16)?
3
Suppose 0*r = -7*r - 497. Let f = 614 + r. What is the tens digit of f?
4
Suppose 25053 = 15*p + 6*p. What is the tens digit of p?
9
Let i(j) = 5*j + 9. Let a(n) = -6*n - 34. Suppose -2*o + 4*h - 12 = 0, -33 = -0*o + 4*o + h. Let y be a(o). What is the units digit of i(y)?
9
Let l(d) = -d**3 - d**2 + d + 13. Let q be l(0). Let o = -30 + 46. Suppose -116 = -4*r + 5*a, r + 2*a - o - q = 0. What is the tens digit of r?
2
Suppose 32 - 7 = -5*z, 0 = -2*f - 3*z + 9775. Suppose -19*n + f + 6277 = 0. What is the tens digit of n?
8
Let a = 3453 - 1051. What is the thousands digit of a?
2
Suppose 0*y = 7*y - 56. Suppose -5*g = -3*g + y. What is the units digit of (-9)/((-18)/g)*-6?
2
Suppose w = -3*h - w + 17, 20 = -4*w. Let z = 9 - h. Suppose z = -j + 102 + 7. What is the hundreds digit of j?
1
Let j be -2 - (-3 - 1) - (-4 + 9). Let q be -5 + 5 - (j - 770)*2. Suppose 0 = -f, 3*f - 71 = 5*x - q. What is the tens digit of x?
9
Let m(t) = 490*t**2 + 6*t + 8. Let a be m(2). Suppose -4930 = -10*k + a. What is the hundreds digit of k?
6
What is the hundreds digit of -36*(-7)/(224/13544) + -7?
2
Suppose 22*r - 19*r = 2*a + 28, r = -5*a - 87. Let i(x) = x + 137. What is the tens digit of i(a)?
2
Let b = 14177 + -8114. What is the units digit of b?
3
Let b = -38 + 88. Let x(t) = t**3 - 22*t**2 - t - 8. Let s be x(22). Let r = b + s. What is the tens digit of r?
2
Let s(x) = 3*x + 15. Let a(q) = -2*q**2 - 2*q - 5. Let l be a(0). Let r be s(l). Suppose -3*p - 12 = r, -4*v + 5*p + 656 = 2*p. What is the tens digit of v?
6
Let i(g) = -g**3 - 6*g**2 + 73*g + 38. Let d be i(-12). What is the units digit of 315/7*3*d/18?
5
Let p = -2028 - -2982. Suppose 44*g - 47*g + p = 0. What is the hundreds digit of g?
3
Let j be ((-4288)/12)/((-2)/3). Let a = j + -221. What is the units digit of a?
5
Let c = -10237 - -21122. What is the thousands digit of c?
0
Suppose -5*t - 35 = -5*h, -19 = t - 4*h - 0. What is the units digit of -9 + (11 - t) + (0 - -41)?
6
Suppose -55080 = -6*c - 10*c + 4*c. What is the hundreds digit of c?
5
Suppose -532881 = -21*t + 108774. What is the units digit of t?
5
Let l(p) = 173*p**3 - p. Let b(c) = 2*c**3 - c**2 + c - 1. Let s be b(1). What is the units digit of l(s)?
2
Let l(c) = 33*c - 70. Let x be l(13). Suppose 75*h - 85*h = -14050. Suppose 0 = -7*w + h + x. What is the hundreds digit of w?
2
Let z = 16 + -16. Suppose -3*i + 3*s - 4 = -i, z = 4*i - 4*s. Let b(w) = -w**3 + 5*w**2 + 2*w - 1. What is the units digit of b(i)?
3
Suppose z + 9*q - 7*q - 5433 = 0, 4*q + 5433 = z. What is the thousands digit of z?
5
Let o = 42445 - 22123. What is the units digit of o?
2
Let f(m) = -57*m**3 - 3*m**2 + 3*m + 29. What is the hundreds digit of f(-5)?
0
Suppose 201058 + 184793 = 23*w - 97471. What is the units digit of w?
4
What is the thousands digit of -1*1*(2 - -3) + 20 + 5673?
5
Let f = 42 - 37. Suppose -f*m = -7*m. Suppose 500 = 4*j - 5*p, m = 5*j - p - 0*p - 646. What is the hundreds digit of j?
1
Suppose x - 11*a + 6 = -15*a, a - 6 = -4*x. What is the tens digit of (x*(-2874)/16)/((-69)/184)?
5
Let p(k) = -k**2 - 16*k - 39. Let w be p(-13). Suppose 0 = c - j - 4, w = 3*c - 6*j + j - 20. Suppose 0 = -c*a + 2*a - 450. What is the hundreds digit of a?
2
Let b(f) = -4*f**2 + 46782. What is the hundreds digit of b(0)?
7
Let f be 2/(-4)*0/(-2 - 7). What is the units digit of 33 + 315 - (f - -2)?
6
Suppose -14 - 10 = -8*y. Suppose 126 = r - y*f, 5*f - 6*f = 5*r - 678. What is the hundreds digit of r?
1
Suppose 0 = -6*c + 39*c - 1980. What is the units digit of (-8)/60 + 69728/c?
2
Let m(z) = 2*z**2 + 2*z + 2. Let u be m(-1). Let k be u/(-4 + 1050/265). Let s = 180 + k. What is the units digit of s?
7
Let n = -759 - -22932. What is the ten thousands digit of n?
2
Suppose -63*d + 65*d - 102 = 0. Let b = d - 23. Let f = 69 + b. What is the units digit of f?
7
Let g(d) = 38*d**2 + 13*d + 338. What is the hundreds digit of g(26)?
3
What is the tens digit of ((-1279)/3)/((17 + -20)/27)?
3
Let g(i) = 4190*i + 25. What is the hundreds digit of g(2)?
4
Let m(s) = -968*s + 180. What is the units digit of m(-3)?
4
Let y(q) = 716*q**2 + 2*q + 17. What is the thousands digit of y(-3)?
6
Let m(o) = o**3 + 7*o**2 - 9*o - 3. Let r be m(-8). Suppose 0*c - 2030 = -r*u + 5*c, -u + 5*c + 390 = 0. What is the tens digit of u?
1
Let l(b) = -3*b + 39. Let y(x) = -3*x + 20. Let d be y(12). Let s be l(d). Suppose 0 = 6*z - 759 - s. What is the units digit of z?
1
Let u be 4/(-16) - (-234)/72. Suppose 5*k = 2*d - 620, 3*d + 0*k - u*k - 912 = 0. What is the hundreds digit of d?
3
Let m(n) = n**2 - 15*n - 6. Let a be m(16). Let p(h) = -39*h**2 - a - h**3 + 8*h + 13*h + 54*h**2. What is the units digit of p(16)?
0
Let r(n) = 68*n - 7 + 67 + 6*n + 44*n. What is the units digit of r(5)?
0
Let i = -183 - -186. Suppose 658 = i*s - 473. What is the hundreds digit of s?
3
Let l = -429 - -431. Suppose 0 = 20*c - l*c - 7380. What is the hundreds digit of c?
4
Suppose 4*k + 2*j + 18294 = 0, -3*k - 10*j + 12*j - 13710 = 0. What is the hundreds digit of (k/48)/((-1)/8*2)?
3
Suppose 117800 = 9*u - 13913 - 16193. What is the units digit of u?
4
Suppose -p + 9*j - 8*j = -70, 5*p - 4*j = 349. Suppose -163 - p = -4*w. Suppose -y + 2*y = w. What is the tens digit of y?
5
Let v(b) = 5858*b**2 - 53*b + 54. What is the hundreds digit of v(1)?
8
Let c(f) = 4*f**2 - 46*f + 49. Let p be c(20). What is the hundreds digit of (1213/(-9))/(-1) - (-162)/p?
1
Let t be 3/4 + (-363)/(-44)*-183. Let q = t - -2229. What is the tens digit of q?
2
Let h be (-1)/((-92)/742 + 4/28). Let k = 125 - h. Let p = 380 - k. What is the tens digit of p?
0
Let u = 2698 - 737. Let j = -729 + u. What is the units digit of j?
2
Let y(c) be the first derivative of -c**4/4 + 7*c**3 - 21*c**2/2 - 57*c + 79. What is the hundreds digit of y(12)?
9
Let m(t) = -3*t**3 - 3*t**2 - 15*t - 12. Let x = 113 - 118. What is the hundreds digit of m(x)?
3
Let i = 92546 - 53197. What is the ten thousands digit 